{"id":103,"date":"2022-02-03T07:41:56","date_gmt":"2022-02-03T07:41:56","guid":{"rendered":"http:\/\/juliahatt.ch\/?page_id=103"},"modified":"2022-02-03T13:20:15","modified_gmt":"2022-02-03T13:20:15","slug":"ueber-mich","status":"publish","type":"page","link":"http:\/\/juliahatt.ch\/index.php\/ueber-mich\/","title":{"rendered":"\u00dcber mich"},"content":{"rendered":"\n<div class=\"wp-block-group alignfull has-secondary-background-color has-background\"><div class=\"wp-block-group__inner-container is-layout-flow wp-block-group-is-layout-flow\">\n<div class=\"wp-block-columns is-layout-flex wp-container-core-columns-is-layout-9d6595d7 wp-block-columns-is-layout-flex\">\n<div class=\"wp-block-column is-layout-flow wp-block-column-is-layout-flow\" style=\"flex-basis:33.33%\">\n<figure class=\"wp-block-image size-full\"><img loading=\"lazy\" decoding=\"async\" width=\"500\" height=\"500\" src=\"http:\/\/juliahatt.ch\/wp-content\/uploads\/2022\/02\/Profilbild.png\" alt=\"\" class=\"wp-image-79\" srcset=\"http:\/\/juliahatt.ch\/wp-content\/uploads\/2022\/02\/Profilbild.png 500w, http:\/\/juliahatt.ch\/wp-content\/uploads\/2022\/02\/Profilbild-300x300.png 300w, http:\/\/juliahatt.ch\/wp-content\/uploads\/2022\/02\/Profilbild-150x150.png 150w\" sizes=\"auto, (max-width: 500px) 100vw, 500px\" \/><\/figure>\n<\/div>\n\n\n\n<div class=\"wp-block-column is-layout-flow wp-block-column-is-layout-flow\" style=\"flex-basis:66.66%\">\n<div style=\"height:22px\" aria-hidden=\"true\" class=\"wp-block-spacer\"><\/div>\n\n\n\n<h2 class=\"has-quaternary-color has-text-color wp-block-heading\" id=\"hallo-ich-bin-julia-digital-marketing-strategin-seo-expertin-fur-kmus-2\">\u00dcber mich<\/h2>\n\n\n\n<div style=\"height:22px\" aria-hidden=\"true\" class=\"wp-block-spacer\"><\/div>\n\n\n\n<div class=\"wp-block-buttons is-layout-flex wp-block-buttons-is-layout-flex\">\n<div class=\"wp-block-button is-style-fill\"><a class=\"wp-block-button__link\" href=\"http:\/\/juliahatt.ch\/index.php\/ueber-mich\/#kontakt\">Lass uns sprechen<\/a><\/div>\n<\/div>\n<\/div>\n<\/div>\n<\/div><\/div>\n\n\n\n<div class=\"wp-block-group alignfull\" style=\"padding-top:20px;padding-right:20px;padding-bottom:20px;padding-left:20px\"><div class=\"wp-block-group__inner-container is-layout-flow wp-block-group-is-layout-flow\">\n<h2 class=\"has-text-align-center wp-block-heading\" id=\"mein-hintergrund-1\">Mein Hintergrund<\/h2>\n\n\n\n<div class=\"wp-block-columns alignfull is-layout-flex wp-container-core-columns-is-layout-e86123f3 wp-block-columns-is-layout-flex\" style=\"padding-top:20px;padding-right:20px;padding-bottom:20px;padding-left:20px\">\n<div class=\"wp-block-column is-layout-flow wp-block-column-is-layout-flow\">\n<figure class=\"wp-block-gallery has-nested-images columns-default is-cropped wp-block-gallery-1 is-layout-flex wp-block-gallery-is-layout-flex\">\n<figure class=\"wp-block-image size-large\"><img loading=\"lazy\" decoding=\"async\" width=\"400\" height=\"400\" data-id=\"111\" src=\"http:\/\/juliahatt.ch\/wp-content\/uploads\/2022\/02\/gcu.jpg\" alt=\"\" class=\"wp-image-111\" srcset=\"http:\/\/juliahatt.ch\/wp-content\/uploads\/2022\/02\/gcu.jpg 400w, http:\/\/juliahatt.ch\/wp-content\/uploads\/2022\/02\/gcu-300x300.jpg 300w, http:\/\/juliahatt.ch\/wp-content\/uploads\/2022\/02\/gcu-150x150.jpg 150w\" sizes=\"auto, (max-width: 400px) 100vw, 400px\" \/><\/figure>\n\n\n\n<figure class=\"wp-block-image size-large\"><img loading=\"lazy\" decoding=\"async\" width=\"400\" height=\"400\" data-id=\"110\" src=\"http:\/\/juliahatt.ch\/wp-content\/uploads\/2022\/02\/hslu.jpg\" alt=\"\" class=\"wp-image-110\" srcset=\"http:\/\/juliahatt.ch\/wp-content\/uploads\/2022\/02\/hslu.jpg 400w, http:\/\/juliahatt.ch\/wp-content\/uploads\/2022\/02\/hslu-300x300.jpg 300w, http:\/\/juliahatt.ch\/wp-content\/uploads\/2022\/02\/hslu-150x150.jpg 150w\" sizes=\"auto, (max-width: 400px) 100vw, 400px\" \/><\/figure>\n<\/figure>\n\n\n\n<p><\/p>\n<\/div>\n\n\n\n<div class=\"wp-block-column is-layout-flow wp-block-column-is-layout-flow\">\n<p>Mit mehr als zehn Jahren Erfahrung im Online-Marketing, unter anderem als Digital Growth Consultant \/ Head of SEO &amp; Content bei der Co-Agency in Liechtenstein und SEO und Online Marketing Consultant bei BlueGlass in Z\u00fcrich, berate ich Kunden zu Online Marketing Themen. Ich w\u00fcrde mich als Allrounder bezeichnen, da ich in jeder Disziplin bereits gearbeitet habe. Ich war in vielen Websiteprojekten dabei, habe Google Ads Optimiert und Social Media-Kampagnen konzipiert. Meine Leidenschaften und mein Expertengebiet sind aber Suchmaschinenoptimierung, Content und Marketing Automation. Hier ist die Ausrichtung auf die Zielgruppe und deren Customer Journey besonders relevant. Mich mit einer Zielgruppe auseinander zu setzen und sie zu verstehen und die eigenen Massnahmen zu optimieren, sind f\u00fcr mich die spannendsten Aufgaben. <\/p>\n\n\n\n<p><\/p>\n\n\n\n<p>Neben einem Master-Abschluss in Online Business &amp; Marketing sowie einem Bachelor in Business Administration verf\u00fcge ich \u00fcber einen Bachelor in Business Administration.<\/p>\n\n\n\n<p><\/p>\n\n\n\n<p>Finde mich auf <a href=\"https:\/\/www.linkedin.com\/in\/julia-hatt\/\">LinkedIn<\/a><\/p>\n<\/div>\n<\/div>\n<\/div><\/div>\n\n\n\n<div class=\"wp-block-group alignfull\" style=\"padding-top:20px;padding-right:20px;padding-bottom:20px;padding-left:20px\"><div class=\"wp-block-group__inner-container is-layout-flow wp-block-group-is-layout-flow\">\n<div style=\"height:68px\" aria-hidden=\"true\" class=\"wp-block-spacer\"><\/div>\n\n\n\n<h2 class=\"has-text-align-center wp-block-heading\" id=\"mein-hintergrund-1\">Mein Vorgehen<\/h2>\n\n\n\n<div style=\"height:105px\" aria-hidden=\"true\" class=\"wp-block-spacer\"><\/div>\n\n\n\n<div class=\"wp-block-columns is-layout-flex wp-container-core-columns-is-layout-e86123f3 wp-block-columns-is-layout-flex\" style=\"padding-top:20px;padding-right:20px;padding-bottom:20px;padding-left:20px\">\n<div class=\"wp-block-column is-layout-flow wp-block-column-is-layout-flow\">\n<p>Mir ist es wichtig dein Gesch\u00e4ft kennen zu lernen und eure Ziele und potentiellen Kunden zu verstehen. Aufgrund dessen erstellen wir eine langfristige Strategie und priorisieren die Massnahmen. Was die gr\u00f6sste Wirkung hat, setzen wir sofort um. Die restlichen Massnahmen setzen wir Schritt f\u00fcr Schritt um. So wachsen die Marketing-Aktivit\u00e4ten gemeinsam mit dem Unternehmen &#8211; wenn dies das Ziel ist. <\/p>\n\n\n\n<p><\/p>\n\n\n\n<p>Nicht jedes Unternehmen hat als Ziel zu wachsen. Ich habe auch Kunden, die m\u00f6chten sich vermehrt auf ihr Kerngebiet konzentrieren und daf\u00fcr mehr Kunden gewinnen. <\/p>\n\n\n\n<p>Egal welches Ziel, wichtig ist, dass wir alle Massnahmen messen und so genau wissen, welcher Kanal auch die erwartete Leistung bringt. So k\u00f6nnen wir beispielsweise das Budget f\u00fcr Ads je nach Leistung verteilen und so das beste aus dem investierten Kapital herausholen. <\/p>\n<\/div>\n\n\n\n<div class=\"wp-block-column is-layout-flow wp-block-column-is-layout-flow\">\n<figure class=\"wp-block-pullquote has-primary-color has-text-color\"><blockquote><p>Ich weiss, die H\u00e4lfte meiner Werbung ist hinausgeworfenes Geld. Ich weiss nur nicht, welche H\u00e4lfte.<\/p><cite>Henry Ford<\/cite><\/blockquote><\/figure>\n<\/div>\n<\/div>\n<\/div><\/div>\n\n\n\n<h2 class=\"alignwide has-text-align-center wp-block-heading\" id=\"kunden\">Kunden<\/h2>\n\n\n\n<figure class=\"wp-block-gallery alignwide has-nested-images columns-6 is-cropped wp-block-gallery-2 is-layout-flex wp-block-gallery-is-layout-flex\">\n<figure class=\"wp-block-image size-large\"><img loading=\"lazy\" decoding=\"async\" width=\"400\" height=\"400\" data-id=\"104\" src=\"http:\/\/juliahatt.ch\/wp-content\/uploads\/2022\/02\/Camenzind-gartenbau.jpg\" alt=\"\" class=\"wp-image-104\" srcset=\"http:\/\/juliahatt.ch\/wp-content\/uploads\/2022\/02\/Camenzind-gartenbau.jpg 400w, http:\/\/juliahatt.ch\/wp-content\/uploads\/2022\/02\/Camenzind-gartenbau-300x300.jpg 300w, http:\/\/juliahatt.ch\/wp-content\/uploads\/2022\/02\/Camenzind-gartenbau-150x150.jpg 150w\" sizes=\"auto, (max-width: 400px) 100vw, 400px\" \/><\/figure>\n\n\n\n<figure class=\"wp-block-image size-large\"><img loading=\"lazy\" decoding=\"async\" width=\"400\" height=\"400\" data-id=\"105\" src=\"http:\/\/juliahatt.ch\/wp-content\/uploads\/2022\/02\/gantenbein-holzbau.jpg\" alt=\"\" class=\"wp-image-105\" srcset=\"http:\/\/juliahatt.ch\/wp-content\/uploads\/2022\/02\/gantenbein-holzbau.jpg 400w, http:\/\/juliahatt.ch\/wp-content\/uploads\/2022\/02\/gantenbein-holzbau-300x300.jpg 300w, http:\/\/juliahatt.ch\/wp-content\/uploads\/2022\/02\/gantenbein-holzbau-150x150.jpg 150w\" sizes=\"auto, (max-width: 400px) 100vw, 400px\" \/><\/figure>\n\n\n\n<figure class=\"wp-block-image size-large\"><img loading=\"lazy\" decoding=\"async\" width=\"400\" height=\"400\" data-id=\"106\" src=\"http:\/\/juliahatt.ch\/wp-content\/uploads\/2022\/02\/giezendanner-pro-holz.jpg\" alt=\"\" class=\"wp-image-106\" srcset=\"http:\/\/juliahatt.ch\/wp-content\/uploads\/2022\/02\/giezendanner-pro-holz.jpg 400w, http:\/\/juliahatt.ch\/wp-content\/uploads\/2022\/02\/giezendanner-pro-holz-300x300.jpg 300w, http:\/\/juliahatt.ch\/wp-content\/uploads\/2022\/02\/giezendanner-pro-holz-150x150.jpg 150w\" sizes=\"auto, (max-width: 400px) 100vw, 400px\" \/><\/figure>\n\n\n\n<figure class=\"wp-block-image size-large\"><img loading=\"lazy\" decoding=\"async\" width=\"400\" height=\"400\" data-id=\"107\" src=\"http:\/\/juliahatt.ch\/wp-content\/uploads\/2022\/02\/hoop-holzbau.jpg\" alt=\"\" class=\"wp-image-107\" srcset=\"http:\/\/juliahatt.ch\/wp-content\/uploads\/2022\/02\/hoop-holzbau.jpg 400w, http:\/\/juliahatt.ch\/wp-content\/uploads\/2022\/02\/hoop-holzbau-300x300.jpg 300w, http:\/\/juliahatt.ch\/wp-content\/uploads\/2022\/02\/hoop-holzbau-150x150.jpg 150w\" sizes=\"auto, (max-width: 400px) 100vw, 400px\" \/><\/figure>\n\n\n\n<figure class=\"wp-block-image size-large\"><img loading=\"lazy\" decoding=\"async\" width=\"400\" height=\"400\" data-id=\"108\" src=\"http:\/\/juliahatt.ch\/wp-content\/uploads\/2022\/02\/olz.jpg\" alt=\"\" class=\"wp-image-108\" srcset=\"http:\/\/juliahatt.ch\/wp-content\/uploads\/2022\/02\/olz.jpg 400w, http:\/\/juliahatt.ch\/wp-content\/uploads\/2022\/02\/olz-300x300.jpg 300w, http:\/\/juliahatt.ch\/wp-content\/uploads\/2022\/02\/olz-150x150.jpg 150w\" sizes=\"auto, (max-width: 400px) 100vw, 400px\" \/><\/figure>\n\n\n\n<figure class=\"wp-block-image size-large\"><img loading=\"lazy\" decoding=\"async\" width=\"400\" height=\"400\" data-id=\"109\" src=\"http:\/\/juliahatt.ch\/wp-content\/uploads\/2022\/02\/outside-society-logo.jpg\" alt=\"\" class=\"wp-image-109\" srcset=\"http:\/\/juliahatt.ch\/wp-content\/uploads\/2022\/02\/outside-society-logo.jpg 400w, http:\/\/juliahatt.ch\/wp-content\/uploads\/2022\/02\/outside-society-logo-300x300.jpg 300w, http:\/\/juliahatt.ch\/wp-content\/uploads\/2022\/02\/outside-society-logo-150x150.jpg 150w\" sizes=\"auto, (max-width: 400px) 100vw, 400px\" \/><\/figure>\n<\/figure>\n\n\n\n<div class=\"wp-block-group alignfull has-primary-background-color has-background\" id=\"kontakt\" style=\"padding-top:20px;padding-right:20px;padding-bottom:20px;padding-left:20px\"><div class=\"wp-block-group__inner-container is-layout-flow wp-block-group-is-layout-flow\">\n<div style=\"height:46px\" aria-hidden=\"true\" class=\"wp-block-spacer\"><\/div>\n\n\n\n<p class=\"has-text-align-center\">Du brauchst Hilfe?<\/p>\n\n\n\n<h2 class=\"has-text-align-center wp-block-heading\" id=\"lass-uns-uber-deine-ziele-sprechen\">Lass uns \u00fcber deine Ziele sprechen<\/h2>\n\n\n\n<div class=\"wp-block-columns alignfull is-layout-flex wp-container-core-columns-is-layout-9d6595d7 wp-block-columns-is-layout-flex\">\n<div class=\"wp-block-column is-layout-flow wp-block-column-is-layout-flow\" style=\"padding-top:20px;padding-right:20px;padding-bottom:20px;padding-left:20px\">\n<p class=\"has-medium-font-size\">Ich freue mich von dir zu h\u00f6ren!<\/p>\n\n\n\n<p><\/p>\n\n\n\n<p class=\"has-medium-font-size\">Egal wo du stehst oder was deine Probleme sind, sprechen wir dar\u00fcber. Es ist wichtig, die Online Marketing Strategie vorausschauend zu planen und zwar bevor die Website umgesetzt ist. <\/p>\n\n\n\n<p class=\"has-medium-font-size\">Wird beispielsweise Suchmaschinenoptimierung beim Websitekonzept bereits als fester Bestandteil integriert, ist das Projekt effizienter, denn es m\u00fcssen im Nachhinein keine grossen Anpassungen mehr gemacht werden. Du sparst also Zeit und Geld. <\/p>\n<\/div>\n\n\n\n<div class=\"wp-block-column is-layout-flow wp-block-column-is-layout-flow\" style=\"padding-top:20px;padding-right:20px;padding-bottom:20px;padding-left:20px\">\n\t\t<div class=\"coblocks-form\" id=\"3e530e3f93f5b88f19ce87ad88427768fb2ad3d9\">\n\n\t\t\t\n\t\t\t<form action=\"http:\/\/juliahatt.ch\/index.php\/ueber-mich\/#3e530e3f93f5b88f19ce87ad88427768fb2ad3d9\" method=\"post\">\n\t\t\t\t\n<div class=\"wp-block-coblocks-form\"><label class=\"coblocks-label\">Vorname \/ Name <span class=\"required\">&#042;<\/span><\/label>\n\t\t<input type=\"hidden\" name=\"field-vorname-name[label]\" value=\"Vorname \/ Name\">\n\n\t\t\t\t<input type=\"hidden\" id=\"name-field-id\" name=\"name-field-id\" class=\"coblocks-name-field-id\" value=\"field-vorname-name\" \/>\n\t\t\n\t\t<input type=\"text\" id=\"vorname-name\" name=\"field-vorname-name[value]\" class=\"coblocks-field coblocks-field--name\" required \/>\n\n\t\t\n\n<label class=\"coblocks-label\">Unternehmen<\/label>\n\t\t<input type=\"hidden\" name=\"field-unternehmen-2[label]\" value=\"Unternehmen\">\n\n\t\t\t\t<input type=\"hidden\" id=\"name-field-id\" name=\"name-field-id\" class=\"coblocks-name-field-id\" value=\"field-unternehmen-2\" \/>\n\t\t\n\t\t<input type=\"text\" id=\"unternehmen-2\" name=\"field-unternehmen-2[value]\" class=\"coblocks-field coblocks-field--name\"  \/>\n\n\t\t\n\n<label class=\"coblocks-label\">Website<\/label>\n\t\t<input type=\"hidden\" name=\"field-website-3[label]\" value=\"Website\">\n\n\t\t\t\t<input type=\"hidden\" id=\"name-field-id\" name=\"name-field-id\" class=\"coblocks-name-field-id\" value=\"field-website-3\" \/>\n\t\t\n\t\t<input type=\"text\" id=\"website-3\" name=\"field-website-3[value]\" class=\"coblocks-field coblocks-field--name\"  \/>\n\n\t\t\n\n<label class=\"coblocks-label\">E-Mail <span class=\"required\">&#042;<\/span><\/label>\n\t\t<input type=\"hidden\" name=\"field-e-mail[label]\" value=\"E-Mail\">\n\n\t\t\n\t\t<input type=\"hidden\" id=\"email-field-id\" name=\"email-field-id\" class=\"coblocks-email-field-id\" value=\"field-e-mail\" \/>\n\t\t<input type=\"email\" id=\"e-mail\" aria-label=\"E-Mail\" name=\"field-e-mail[value]\" class=\"coblocks-field coblocks-field--email\" required \/>\n\n\t\t\n\n<label class=\"coblocks-label\">Nachricht <span class=\"required\">&#042;<\/span><\/label>\n\t\t<input type=\"hidden\" name=\"field-nachricht[label]\" value=\"Nachricht\">\n\n\t\t\n\t\t<textarea name=\"field-nachricht[value]\" aria-label=\"Nachricht\" id=\"nachricht\" class=\"coblocks-field coblocks-textarea\" rows=\"20\" required><\/textarea>\n\n\t\t\n\n\n\t\t<div class=\"coblocks-form__submit wp-block-button\">\n\t\t\t<button type=\"submit\" class=\"wp-block-button__link\" style=\"background-color: rgb(18,37,56);\">Kontaktieren<\/button>\n\t\t\t<input type=\"hidden\" id=\"form-submit\" name=\"form-submit\" value=\"cb62de29e2\" \/><input type=\"hidden\" name=\"_wp_http_referer\" value=\"\/index.php\/wp-json\/wp\/v2\/pages\/103\" \/>\t\t\t<input type=\"hidden\" name=\"action\" value=\"coblocks-form-submit\">\n\n\t\t\t\t\t<\/div>\n\n\t\t\n\n\n<div style=\"height:231px\" aria-hidden=\"true\" class=\"wp-block-spacer\"><\/div>\n<\/div>\n\t\t\t\t<input class=\"coblocks-field verify\" aria-label=\"Enter your email address to verify\" type=\"email\" name=\"coblocks-verify-email\" autocomplete=\"off\" placeholder=\"E-Mail\" tabindex=\"-1\">\n\t\t\t\t<input type=\"hidden\" name=\"form-hash\" value=\"3e530e3f93f5b88f19ce87ad88427768fb2ad3d9\">\n\n\t\t\t\t\t\t\t<\/form>\n\n\t\t<\/div>\n\n\t\t<\/div>\n<\/div>\n<\/div><\/div>\n\n\n\n<div class=\"wp-block-group alignfull has-secondary-background-color has-background\"><div class=\"wp-block-group__inner-container is-layout-flow wp-block-group-is-layout-flow\">\n<div class=\"wp-block-columns is-layout-flex wp-container-core-columns-is-layout-9d6595d7 wp-block-columns-is-layout-flex\">\n<div class=\"wp-block-column is-layout-flow wp-block-column-is-layout-flow\">\n<figure class=\"wp-block-image size-full\"><img loading=\"lazy\" decoding=\"async\" width=\"328\" height=\"316\" src=\"http:\/\/juliahatt.ch\/wp-content\/uploads\/2022\/02\/logo-jh.jpg\" alt=\"\" class=\"wp-image-58\" srcset=\"http:\/\/juliahatt.ch\/wp-content\/uploads\/2022\/02\/logo-jh.jpg 328w, http:\/\/juliahatt.ch\/wp-content\/uploads\/2022\/02\/logo-jh-300x289.jpg 300w\" sizes=\"auto, (max-width: 328px) 100vw, 328px\" \/><\/figure>\n<\/div>\n\n\n\n<div class=\"wp-block-column has-quaternary-color has-text-color is-layout-flow wp-block-column-is-layout-flow\">\n<p><strong>Adresse<\/strong><\/p>\n\n\n\n<p>Julia Hatt<\/p>\n\n\n\n<p>Rebb\u00fcelstrasse 25<br>7320 Sargans<\/p>\n<\/div>\n\n\n\n<div class=\"wp-block-column has-quaternary-color has-text-color is-layout-flow wp-block-column-is-layout-flow\">\n<p><strong>E-Mail<\/strong><\/p>\n\n\n\n<p><a href=\"mailto:juliahatt@hotmail.com\">juliahatt@hotmail.com<\/a><\/p>\n\n\n\n<div style=\"height:14px\" aria-hidden=\"true\" class=\"wp-block-spacer\"><\/div>\n\n\n\n<p><strong>Mobile<\/strong><\/p>\n\n\n\n<p>079 750 54 03<\/p>\n<\/div>\n\n\n\n<div class=\"wp-block-column is-layout-flow wp-block-column-is-layout-flow\"><\/div>\n<\/div>\n<\/div><\/div>\n","protected":false},"excerpt":{"rendered":"<p>\u00dcber mich Mein Hintergrund Mit mehr als zehn Jahren Erfahrung im Online-Marketing, unter anderem als Digital Growth Consultant \/ Head of SEO &amp; Content bei der Co-Agency in Liechtenstein und SEO und Online Marketing Consultant bei BlueGlass in Z\u00fcrich, berate ich Kunden zu Online Marketing Themen. Ich w\u00fcrde mich als Allrounder bezeichnen, da ich in [&hellip;]<\/p>\n","protected":false},"author":1,"featured_media":0,"parent":0,"menu_order":0,"comment_status":"closed","ping_status":"closed","template":"","meta":{"hide_page_title":"","_coblocks_attr":"Helvetica,Cormorant Garamond","_coblocks_dimensions":"","_coblocks_responsive_height":"","_coblocks_accordion_ie_support":"","footnotes":""},"class_list":["post-103","page","type-page","status-publish","hentry"],"yoast_head":"<!-- This site is optimized with the Yoast SEO plugin v21.8 - https:\/\/yoast.com\/wordpress\/plugins\/seo\/ -->\n<title>\u00dcber mich - Julia Hatt<\/title>\n<meta name=\"robots\" content=\"index, follow, max-snippet:-1, max-image-preview:large, max-video-preview:-1\" \/>\n<link rel=\"canonical\" href=\"http:\/\/juliahatt.ch\/index.php\/ueber-mich\/\" \/>\n<meta property=\"og:locale\" content=\"de_DE\" \/>\n<meta property=\"og:type\" content=\"article\" \/>\n<meta property=\"og:title\" content=\"\u00dcber mich - Julia Hatt\" \/>\n<meta property=\"og:description\" content=\"\u00dcber mich Mein Hintergrund Mit mehr als zehn Jahren Erfahrung im Online-Marketing, unter anderem als Digital Growth Consultant \/ Head of SEO &amp; Content bei der Co-Agency in Liechtenstein und SEO und Online Marketing Consultant bei BlueGlass in Z\u00fcrich, berate ich Kunden zu Online Marketing Themen. Ich w\u00fcrde mich als Allrounder bezeichnen, da ich in [&hellip;]\" \/>\n<meta property=\"og:url\" content=\"http:\/\/juliahatt.ch\/index.php\/ueber-mich\/\" \/>\n<meta property=\"og:site_name\" content=\"Julia Hatt\" \/>\n<meta property=\"article:modified_time\" content=\"2022-02-03T13:20:15+00:00\" \/>\n<meta property=\"og:image\" content=\"http:\/\/juliahatt.ch\/wp-content\/uploads\/2022\/02\/Profilbild.png\" \/>\n<meta name=\"twitter:card\" content=\"summary_large_image\" \/>\n<meta name=\"twitter:label1\" content=\"Gesch\u00e4tzte Lesezeit\" \/>\n\t<meta name=\"twitter:data1\" content=\"5\u00a0Minuten\" \/>\n<script type=\"application\/ld+json\" class=\"yoast-schema-graph\">{\"@context\":\"https:\/\/schema.org\",\"@graph\":[{\"@type\":\"WebPage\",\"@id\":\"http:\/\/juliahatt.ch\/index.php\/ueber-mich\/\",\"url\":\"http:\/\/juliahatt.ch\/index.php\/ueber-mich\/\",\"name\":\"\u00dcber mich - Julia Hatt\",\"isPartOf\":{\"@id\":\"http:\/\/juliahatt.ch\/#website\"},\"datePublished\":\"2022-02-03T07:41:56+00:00\",\"dateModified\":\"2022-02-03T13:20:15+00:00\",\"breadcrumb\":{\"@id\":\"http:\/\/juliahatt.ch\/index.php\/ueber-mich\/#breadcrumb\"},\"inLanguage\":\"de\",\"potentialAction\":[{\"@type\":\"ReadAction\",\"target\":[\"http:\/\/juliahatt.ch\/index.php\/ueber-mich\/\"]}]},{\"@type\":\"BreadcrumbList\",\"@id\":\"http:\/\/juliahatt.ch\/index.php\/ueber-mich\/#breadcrumb\",\"itemListElement\":[{\"@type\":\"ListItem\",\"position\":1,\"name\":\"Startseite\",\"item\":\"http:\/\/juliahatt.ch\/\"},{\"@type\":\"ListItem\",\"position\":2,\"name\":\"\u00dcber mich\"}]},{\"@type\":\"WebSite\",\"@id\":\"http:\/\/juliahatt.ch\/#website\",\"url\":\"http:\/\/juliahatt.ch\/\",\"name\":\"Julia Hatt\",\"description\":\"Online Marketing Expertin\",\"publisher\":{\"@id\":\"http:\/\/juliahatt.ch\/#organization\"},\"potentialAction\":[{\"@type\":\"SearchAction\",\"target\":{\"@type\":\"EntryPoint\",\"urlTemplate\":\"http:\/\/juliahatt.ch\/?s={search_term_string}\"},\"query-input\":\"required name=search_term_string\"}],\"inLanguage\":\"de\"},{\"@type\":\"Organization\",\"@id\":\"http:\/\/juliahatt.ch\/#organization\",\"name\":\"Julia Hatt\",\"url\":\"http:\/\/juliahatt.ch\/\",\"logo\":{\"@type\":\"ImageObject\",\"inLanguage\":\"de\",\"@id\":\"http:\/\/juliahatt.ch\/#\/schema\/logo\/image\/\",\"url\":\"http:\/\/juliahatt.ch\/wp-content\/uploads\/2022\/02\/cropped-julia-hatt-logo-k.jpg\",\"contentUrl\":\"http:\/\/juliahatt.ch\/wp-content\/uploads\/2022\/02\/cropped-julia-hatt-logo-k.jpg\",\"width\":190,\"height\":190,\"caption\":\"Julia Hatt\"},\"image\":{\"@id\":\"http:\/\/juliahatt.ch\/#\/schema\/logo\/image\/\"}}]}<\/script>\n<!-- \/ Yoast SEO plugin. -->","yoast_head_json":{"title":"\u00dcber mich - Julia Hatt","robots":{"index":"index","follow":"follow","max-snippet":"max-snippet:-1","max-image-preview":"max-image-preview:large","max-video-preview":"max-video-preview:-1"},"canonical":"http:\/\/juliahatt.ch\/index.php\/ueber-mich\/","og_locale":"de_DE","og_type":"article","og_title":"\u00dcber mich - Julia Hatt","og_description":"\u00dcber mich Mein Hintergrund Mit mehr als zehn Jahren Erfahrung im Online-Marketing, unter anderem als Digital Growth Consultant \/ Head of SEO &amp; Content bei der Co-Agency in Liechtenstein und SEO und Online Marketing Consultant bei BlueGlass in Z\u00fcrich, berate ich Kunden zu Online Marketing Themen. Ich w\u00fcrde mich als Allrounder bezeichnen, da ich in [&hellip;]","og_url":"http:\/\/juliahatt.ch\/index.php\/ueber-mich\/","og_site_name":"Julia Hatt","article_modified_time":"2022-02-03T13:20:15+00:00","og_image":[{"url":"http:\/\/juliahatt.ch\/wp-content\/uploads\/2022\/02\/Profilbild.png"}],"twitter_card":"summary_large_image","twitter_misc":{"Gesch\u00e4tzte Lesezeit":"5\u00a0Minuten"},"schema":{"@context":"https:\/\/schema.org","@graph":[{"@type":"WebPage","@id":"http:\/\/juliahatt.ch\/index.php\/ueber-mich\/","url":"http:\/\/juliahatt.ch\/index.php\/ueber-mich\/","name":"\u00dcber mich - Julia Hatt","isPartOf":{"@id":"http:\/\/juliahatt.ch\/#website"},"datePublished":"2022-02-03T07:41:56+00:00","dateModified":"2022-02-03T13:20:15+00:00","breadcrumb":{"@id":"http:\/\/juliahatt.ch\/index.php\/ueber-mich\/#breadcrumb"},"inLanguage":"de","potentialAction":[{"@type":"ReadAction","target":["http:\/\/juliahatt.ch\/index.php\/ueber-mich\/"]}]},{"@type":"BreadcrumbList","@id":"http:\/\/juliahatt.ch\/index.php\/ueber-mich\/#breadcrumb","itemListElement":[{"@type":"ListItem","position":1,"name":"Startseite","item":"http:\/\/juliahatt.ch\/"},{"@type":"ListItem","position":2,"name":"\u00dcber mich"}]},{"@type":"WebSite","@id":"http:\/\/juliahatt.ch\/#website","url":"http:\/\/juliahatt.ch\/","name":"Julia Hatt","description":"Online Marketing Expertin","publisher":{"@id":"http:\/\/juliahatt.ch\/#organization"},"potentialAction":[{"@type":"SearchAction","target":{"@type":"EntryPoint","urlTemplate":"http:\/\/juliahatt.ch\/?s={search_term_string}"},"query-input":"required name=search_term_string"}],"inLanguage":"de"},{"@type":"Organization","@id":"http:\/\/juliahatt.ch\/#organization","name":"Julia Hatt","url":"http:\/\/juliahatt.ch\/","logo":{"@type":"ImageObject","inLanguage":"de","@id":"http:\/\/juliahatt.ch\/#\/schema\/logo\/image\/","url":"http:\/\/juliahatt.ch\/wp-content\/uploads\/2022\/02\/cropped-julia-hatt-logo-k.jpg","contentUrl":"http:\/\/juliahatt.ch\/wp-content\/uploads\/2022\/02\/cropped-julia-hatt-logo-k.jpg","width":190,"height":190,"caption":"Julia Hatt"},"image":{"@id":"http:\/\/juliahatt.ch\/#\/schema\/logo\/image\/"}}]}},"_links":{"self":[{"href":"http:\/\/juliahatt.ch\/index.php\/wp-json\/wp\/v2\/pages\/103","targetHints":{"allow":["GET"]}}],"collection":[{"href":"http:\/\/juliahatt.ch\/index.php\/wp-json\/wp\/v2\/pages"}],"about":[{"href":"http:\/\/juliahatt.ch\/index.php\/wp-json\/wp\/v2\/types\/page"}],"author":[{"embeddable":true,"href":"http:\/\/juliahatt.ch\/index.php\/wp-json\/wp\/v2\/users\/1"}],"replies":[{"embeddable":true,"href":"http:\/\/juliahatt.ch\/index.php\/wp-json\/wp\/v2\/comments?post=103"}],"version-history":[{"count":24,"href":"http:\/\/juliahatt.ch\/index.php\/wp-json\/wp\/v2\/pages\/103\/revisions"}],"predecessor-version":[{"id":219,"href":"http:\/\/juliahatt.ch\/index.php\/wp-json\/wp\/v2\/pages\/103\/revisions\/219"}],"wp:attachment":[{"href":"http:\/\/juliahatt.ch\/index.php\/wp-json\/wp\/v2\/media?parent=103"}],"curies":[{"name":"wp","href":"https:\/\/api.w.org\/{rel}","templated":true}]}}